{"id":73,"date":"2014-05-19T11:03:34","date_gmt":"2014-05-19T09:03:34","guid":{"rendered":"http:\/\/dasgrafikbuero.at\/wp_ami\/?page_id=73"},"modified":"2026-02-17T11:12:54","modified_gmt":"2026-02-17T09:12:54","slug":"kinder","status":"publish","type":"page","link":"http:\/\/logopaedie-schrems.at\/wordpress\/therapieangebot\/kinder","title":{"rendered":"Kinder"},"content":{"rendered":"<h6>Logop\u00e4dische Diagnostik, Beratung und Therapie bei Kindern &amp; Jugendlichen<\/h6>\n<p><strong>Kindliche Sprach- und Sprechst\u00f6rungen<\/strong><\/p>\n<ul>\n<li>Aussprachest\u00f6rungen (phonetisch &#8211; phonologische St\u00f6rungen)<\/li>\n<li>Fr\u00fchkindliche Sprachst\u00f6rungen mit sp\u00e4tem Sprechbeginn (Late Talker)<\/li>\n<li>St\u00f6rungen im Bereich Grammatik (Dysgrammatismus)<\/li>\n<li>St\u00f6rungen des Sprachverst\u00e4ndnisses<\/li>\n<li>Sprachentwicklungsst\u00f6rungen (Artikulation, Wortschatz, Grammatik, Sprachverst\u00e4ndnis)<\/li>\n<li>Auditive Wahrnehmungs- und Verarbeitungsst\u00f6rungen mit Problemen in der phonologischen Bewusstheit (z.B. Lautdifferenzierungsschw\u00e4che)<\/li>\n<\/ul>\n<p><strong>Muskelfunktionsst\u00f6rungen im Mund- und Gesichtsbereich\u00a0<\/strong>(Orofaziale myofunktionelle St\u00f6rung\/Orofaziale Dysfunktion)<\/p>\n<ul>\n<li>Mundatmung \/ offene Mundhaltung<\/li>\n<li>tiefliegende Zungenruhelage\/ an oder zwischen den Zahnreihen<\/li>\n<li>Beurteilung des (zu kurzen) Zungenbandes<\/li>\n<li>Pr\u00e4- und postoperative Behandlung bei Frenotomie (operativer Durchtrennung des Zungenbandes)<\/li>\n<li>Bestehen eines atypischen Kau- und Schluckmusters<\/li>\n<li>Bestehen von Lutschgewohnheiten (Schnuller, Flasche, Daumen) und anderen oralen Habits<\/li>\n<li>als begleitende Ma\u00dfnahme bei kieferorthop\u00e4discher Behandlung<\/li>\n<\/ul>\n<p><strong>Kindliche Stimmst\u00f6rung\u00a0<\/strong>(Dysphonie)<\/p>\n<ul>\n<li>andauernd heiserer, rauer oder gepresster Stimmklang<\/li>\n<\/ul>\n<h6><div class=\"rl-gallery-container rl-loading\" id=\"rl-gallery-container-1\" data-gallery_id=\"608\"> <div class=\"rl-gallery rl-basicgrid-gallery rl-hover-icon-3\" id=\"rl-gallery-1\" data-gallery_no=\"1\"> <div class=\"rl-gallery-item\"><a href=\"http:\/\/logopaedie-schrems.at\/wordpress\/wp-content\/uploads\/2018\/10\/nilpferde.jpg\" title=\"\" data-rl_title=\"\" class=\"rl-gallery-link\" data-rl_caption=\"\" data-rel=\"lightbox-gallery-1\"><img loading=\"lazy\" decoding=\"async\" src=\"http:\/\/logopaedie-schrems.at\/wordpress\/wp-content\/uploads\/2018\/10\/nilpferde-300x200.jpg\" width=\"300\" height=\"200\" alt=\"\" \/><\/a><\/div><div class=\"rl-gallery-item\"><a href=\"http:\/\/logopaedie-schrems.at\/wordpress\/wp-content\/uploads\/2014\/11\/logopaedie11gr.jpg\" title=\"\" data-rl_title=\"\" class=\"rl-gallery-link\" data-rl_caption=\"\" data-rel=\"lightbox-gallery-1\"><img loading=\"lazy\" decoding=\"async\" src=\"http:\/\/logopaedie-schrems.at\/wordpress\/wp-content\/uploads\/2014\/11\/logopaedie11gr-300x199.jpg\" width=\"300\" height=\"199\" alt=\"\" \/><\/a><\/div><div class=\"rl-gallery-item\"><a href=\"http:\/\/logopaedie-schrems.at\/wordpress\/wp-content\/uploads\/2014\/11\/logopaedie04gr-e1604497237527.jpg\" title=\"\" data-rl_title=\"\" class=\"rl-gallery-link\" data-rl_caption=\"\" data-rel=\"lightbox-gallery-1\"><img loading=\"lazy\" decoding=\"async\" src=\"http:\/\/logopaedie-schrems.at\/wordpress\/wp-content\/uploads\/2014\/11\/logopaedie04gr-e1604497237527-300x200.jpg\" width=\"300\" height=\"200\" alt=\"\" \/><\/a><\/div> <\/div> <\/div><\/h6>\n","protected":false},"excerpt":{"rendered":"<p>Logop\u00e4dische Diagnostik, Beratung und Therapie bei Kindern &amp; Jugendlichen Kindliche Sprach- und Sprechst\u00f6rungen Aussprachest\u00f6rungen (phonetisch &#8211; phonologische St\u00f6rungen) Fr\u00fchkindliche Sprachst\u00f6rungen mit sp\u00e4tem Sprechbeginn (Late Talker) St\u00f6rungen im Bereich Grammatik (Dysgrammatismus) St\u00f6rungen des Sprachverst\u00e4ndnisses Sprachentwicklungsst\u00f6rungen (Artikulation, Wortschatz, Grammatik, Sprachverst\u00e4ndnis) Auditive Wahrnehmungs-&hellip; <\/p>\n","protected":false},"author":2,"featured_media":0,"parent":22,"menu_order":45,"comment_status":"closed","ping_status":"closed","template":"","meta":{"footnotes":""},"class_list":["post-73","page","type-page","status-publish","hentry"],"_links":{"self":[{"href":"http:\/\/logopaedie-schrems.at\/wordpress\/wp-json\/wp\/v2\/pages\/73","targetHints":{"allow":["GET"]}}],"collection":[{"href":"http:\/\/logopaedie-schrems.at\/wordpress\/wp-json\/wp\/v2\/pages"}],"about":[{"href":"http:\/\/logopaedie-schrems.at\/wordpress\/wp-json\/wp\/v2\/types\/page"}],"author":[{"embeddable":true,"href":"http:\/\/logopaedie-schrems.at\/wordpress\/wp-json\/wp\/v2\/users\/2"}],"replies":[{"embeddable":true,"href":"http:\/\/logopaedie-schrems.at\/wordpress\/wp-json\/wp\/v2\/comments?post=73"}],"version-history":[{"count":26,"href":"http:\/\/logopaedie-schrems.at\/wordpress\/wp-json\/wp\/v2\/pages\/73\/revisions"}],"predecessor-version":[{"id":899,"href":"http:\/\/logopaedie-schrems.at\/wordpress\/wp-json\/wp\/v2\/pages\/73\/revisions\/899"}],"up":[{"embeddable":true,"href":"http:\/\/logopaedie-schrems.at\/wordpress\/wp-json\/wp\/v2\/pages\/22"}],"wp:attachment":[{"href":"http:\/\/logopaedie-schrems.at\/wordpress\/wp-json\/wp\/v2\/media?parent=73"}],"curies":[{"name":"wp","href":"https:\/\/api.w.org\/{rel}","templated":true}]}}